s 4076 a factor of 368176928?
True
Does 2120 divide 59766950?
False
Is 1285 a factor of 24882740?
True
Is 29897596 a multiple of 5?
False
Is 348 a factor of 170415600?
True
Does 830 divide 197945724?
False
Does 10 divide 203569267?
False
Is 248846775 a multiple of 69?
True
Is 51 a factor of 120532635?
True
Is 17 a factor of 60570209?
False
Is 45484883 a multiple of 83?
False
Does 709 divide 351715757?
True
Is 131418728 a multiple of 7?
True
Is 294815226 a multiple of 5?
False
Is 148 a factor of 224183000?
True
Is 101618483 a multiple of 2?
False
Does 45 divide 47291599?
False
Is 71370641 a multiple of 17?
True
Is 127 a factor of 951402593?
True
Is 107067608 a multiple of 322?
False
Is 204990972 a multiple of 6?
True
Is 2752 a factor of 441329106?
False
Is 32294765 a multiple of 250?
False
Does 5 divide 45204590?
True
Does 1441 divide 2718870154?
True
Is 322 a factor of 566086626?
True
Does 27 divide 1346475096?
True
Is 228 a factor of 815130997?
False
Is 731580450 a multiple of 13?
False
Does 1091 divide 18060414?
True
Is 54 a factor of 190457514?
True
Does 102 divide 104475132?
True
Does 34 divide 69342524?
True
Is 396 a factor of 25664142?
False
Is 49826812 a multiple of 14?
True
Is 33 a factor of 1956339?
True
Is 128492352 a multiple of 864?
True
Does 548 divide 1199107077?
False
Is 2 a factor of 7316106?
True
Is 865 a factor of 97248661?
False
Is 2259397 a multiple of 163?
False
Does 2797 divide 468463936?
True
Is 147 a factor of 35655585?
True
Is 443 a factor of 38249539?
False
Does 80 divide 44826804?
False
Is 3 a factor of 33730400?
False
Does 140 divide 458008040?
True
Is 38 a factor of 3290039147?
False
Is 37930291 a multiple of 259?
True
Is 141 a factor of 13272754?
False
Is 4462 a factor of 422387216?
False
Does 446 divide 861418971?
False
Does 25 divide 193320125?
True
Is 612088065 a multiple of 5651?
True
Is 21855480 a multiple of 12?
True
Is 4180 a factor of 1744602420?
True
Is 119 a factor of 215370335?
False
Is 1056040773 a multiple of 287?
False
Does 1664 divide 178934173?
False
Is 5193616914 a multiple of 8971?
True
Is 24 a factor of 867540517?
False
Is 29 a factor of 2046186018?
False
Is 89215090 a multiple of 10?
True
Is 25780810 a multiple of 11?
True
Is 1114 a factor of 405315532?
True
Does 151 divide 15669318?
False
Is 11605836 even?
True
Does 25 divide 757101842?
False
Does 81 divide 5329638?
True
Is 133962487 even?
False
Is 49 a factor of 60272343?
False
Is 279 a factor of 227757329?
False
Is 103 a factor of 121042098?
True
Does 3138 divide 10716270?
True
Is 80 a factor of 456021760?
True
Does 16 divide 109480369?
False
Does 264 divide 166946472?
True
Is 345791134 a multiple of 1648?
False
Does 960 divide 73962240?
True
Is 2123415564 a multiple of 122?
False
Is 729382022 a multiple of 27?
False
Is 12 a factor of 4477704?
True
Is 31 a factor of 679279733?
False
Is 6731490 a multiple of 51?
True
Is 34431777 a multiple of 27?
True
Is 297587948 a multiple of 14?
True
Does 2141 divide 10983330?
True
Does 1374 divide 876988476?
True
Does 350 divide 215265490?
False
Is 793541099 a multiple of 15?
False
Is 144 a factor of 461641281?
False
Is 229482589 a multiple of 19?
True
Is 13097256 a multiple of 10?
False
Is 303 a factor of 84694863?
True
Is 213415875 a multiple of 375?
True
Is 1612546 a multiple of 109?
True
Does 477 divide 680965200?
True
Is 251 a factor of 548496495?
True
Is 26724880 a multiple of 455?
True
Does 94 divide 43250246?
True
Is 6050 a factor of 139966750?
True
Is 2826 a factor of 341331382?
False
Is 43109025 a multiple of 312?
False
Is 12722 a factor of 2130988650?
False
Is 5 a factor of 238434590?
True
Does 132 divide 7489944?
True
Is 50541926 a multiple of 74?
True
Is 195 a factor of 24419002?
False
Is 858 a factor of 225714338?
False
Is 3669867929 a multiple of 11921?
True
Is 801632 a multiple of 47?
True
Is 53873391 a multiple of 205?
False
Is 2425 a factor of 443595550?
True
Is 13 a factor of 51363588?
False
Is 334 a factor of 17907744?
True
Does 3582 divide 370907533?
False
Does 4 divide 5004595?
False
Is 20673129 a multiple of 306?
False
Does 1133 divide 88441240?
False
Is 11721880 a multiple of 10?
True
Does 22 divide 100804342?
False
Is 91 a factor of 629667038?
True
Is 11 a factor of 3455188?
True
Is 383766 a multiple of 3?
True
Is 205403502 a multiple of 43?
False
Is 16804878 a multiple of 358?
True
Is 20 a factor of 448015784?
False
Does 1806 divide 233535666?
True
Does 782 divide 75937394?
False
Is 353 a factor of 221961105?
True
Is 30 a factor of 2105137950?
True
Is 352544922 a multiple of 1629?
True
Is 22 a factor of 49924301?
False
Does 129 divide 115559910?
False
Does 10 divide 50108790?
True
Is 2723 a factor of 725766636?
True
Is 33 a factor of 5837929?
False
Does 129 divide 2422149279?
True
Is 779 a factor of 432873162?
True
Is 2680369596 a multiple of 76?
True
Is 88 a factor of 150595108?
False
Is 65588040 a multiple of 35?
True
Is 672182196 a multiple of 15?
False
Does 30 divide 1490995775?
False
Does 5988 divide 2385062316?
True
Is 14 a factor of 15052390?
False
Is 153 a factor of 7120889?
False
Is 8975 a factor of 213154894?
False
Is 6182280 a multiple of 30?
True
Is 363 a factor of 338460?
False
Does 10 divide 37974850?
True
Is 33987348 a multiple of 18?
True
Does 3526 divide 103308274?
True
Does 377 divide 21823437?
False
Is 111062980 a multiple of 4085?
True
Is 431 a factor of 86946893?
False
Is 663 a factor of 2466817?
False
Is 108802040 a multiple of 34?
True
Is 13 a factor of 13549258?
False
Is 425906498 a multiple of 1756?
False
Is 228350451 a multiple of 417?
True
Does 65 divide 31277574?
False
Does 4040 divide 301371880?
True
Is 344132058 a multiple of 2698?
False
Is 84 a factor of 219232524?
True
Is 107 a factor of 216878300?
True
Is 314 a factor of 305467050?
True
Is 552472795 a multiple of 4525?
False
Does 63 divide 90176688?
True
Does 22 divide 41558612?
False
Is 13581876 a multiple of 231?
True
Is 422 a factor of 40943284?
True
Is 1195496640 a multiple of 9620?
True
Is 315 a factor of 10769220?
True
Does 1509 divide 14261559?
True
Is 261 a factor of 364574979?
True
Is 455 a factor of 3078531365?
True
Is 22315057 a multiple of 89?
False
Does 1079 divide 133785322?
False
Does 96 divide 508148256?
True
Does 2350 divide 46334950?
True
Does 804 divide 1265131788?
True
Is 74 a factor of 4822580?
True
Is 103 a factor of 192515198?
False
Does 16 divide 8491521?
False
Does 123 divide 8623038?
True
Is 1540494449 a multiple of 381?
False
Does 184 divide 69593216?
True
Is 127 a factor of 34599245?
True
Is 205 a factor of 77937228?
False
Does 33 divide 17297782?
False
Does 6355 divide 722419749?
False
Does 19 divide 82096796?
True
Is 425751916 a multiple of 329?
False
Does 4462 divide 130169926?
True
Is 494 a factor of 16690284?
True
Is 71481491 a multiple of 137?
False
Is 3143946750 a multiple of 25?
True
Is 22 a factor of 71041014?
True
Is 41729886 a multiple of 18?
True
Does 222 divide 13453644?
True
Is 442283624 a multiple of 9?
False
Is 21963600 a multiple of 1200?
True
Is 207 a factor of 24707313?
True
Does 59 divide 475561004?
True
Is 2341147536 a multiple of 234?
True
Is 455553745 a multiple of 2621?
False
Does 48 divide 8895631?
False
Does 54 divide 39893148?
True
Is 6451 a factor of 423482108?
False
Is 77788233 a multiple of 994?
False
Does 209 divide 141743591?
True
Is 623732 a multiple of 19?
True
Does 18 divide 114630948?
True
Does 7 divide 309069560?
False
Is 16962799 a multiple of 14?
False
Does 263 divide 20015089?
True
Is 427667700 a multiple of 2010?
True
Does 4683 divide 357787754?
False
Is 30 a factor of 2140222?
False
Does 478 divide 84160982?
True
Is 47148211 a multiple of 18?
False
Is 12 a factor of 88451065?
False
Does 12 divide 1450088184?
True
Is 608451266 a multiple of 162?
False
Does 20 divide 58078956?
False
Is 467610 a multiple of 26?
True
Is 134250678 a multiple of 18?
True
Is 2913603426 a multiple of 1208?
False
Is 381 a factor of 226242977?
False
Does 25 divide 143961008?
False
Is 127493632 a multiple of 23?
False
Is 29 a factor of 8765265?
False
Does 4 divide 52810276?
True
Does 140 divide 52318420?
True
Does 11 divide 47460633?
True
Is 295164941 a multiple of 1907?
False
Does 17 divide 137872482?
True
Is 56 a factor of 25444937?
False
Is 2654238